{"id":1830,"date":"2026-01-12T12:15:33","date_gmt":"2026-01-12T12:15:33","guid":{"rendered":"https:\/\/premio-fotografia.intras.es\/?page_id=1830"},"modified":"2026-03-13T09:42:11","modified_gmt":"2026-03-13T09:42:11","slug":"convocada-la-sexta-edicion-de-locografias","status":"publish","type":"page","link":"https:\/\/premio-fotografia.intras.es\/","title":{"rendered":"Locograf\u00edas VI"},"content":{"rendered":"\t\t<div data-elementor-type=\"wp-page\" data-elementor-id=\"1830\" class=\"elementor elementor-1830\">\n\t\t\t\t\t\t\t<div class=\"elementor-element elementor-element-67c114d e-flex e-con-boxed e-con e-parent\" data-id=\"67c114d\" data-element_type=\"container\" data-settings=\"{&quot;container_type&quot;:&quot;flex&quot;,&quot;content_width&quot;:&quot;boxed&quot;}\" data-core-v316-plus=\"true\">\n\t\t\t\t\t<div class=\"e-con-inner\">\n\t\t\t\t<div class=\"elementor-element elementor-element-4b7af72 elementor-widget elementor-widget-image\" data-id=\"4b7af72\" data-element_type=\"widget\" data-widget_type=\"image.default\">\n\t\t\t\t<div class=\"elementor-widget-container\">\n\t\t\t<style>\/*! elementor - v3.17.0 - 08-11-2023 *\/\n.elementor-widget-image{text-align:center}.elementor-widget-image a{display:inline-block}.elementor-widget-image a img[src$=\".svg\"]{width:48px}.elementor-widget-image img{vertical-align:middle;display:inline-block}<\/style>\t\t\t\t\t\t\t\t\t\t\t\t<img fetchpriority=\"high\" decoding=\"async\" width=\"580\" height=\"326\" src=\"https:\/\/premio-fotografia.intras.es\/wp-content\/uploads\/2026\/01\/LOCOGRAFIAS-1024x576.jpg\" class=\"attachment-large size-large wp-image-1838\" alt=\"\" srcset=\"https:\/\/premio-fotografia.intras.es\/wp-content\/uploads\/2026\/01\/LOCOGRAFIAS-1024x576.jpg 1024w, https:\/\/premio-fotografia.intras.es\/wp-content\/uploads\/2026\/01\/LOCOGRAFIAS-300x169.jpg 300w, https:\/\/premio-fotografia.intras.es\/wp-content\/uploads\/2026\/01\/LOCOGRAFIAS-768x432.jpg 768w, https:\/\/premio-fotografia.intras.es\/wp-content\/uploads\/2026\/01\/LOCOGRAFIAS-1536x864.jpg 1536w, https:\/\/premio-fotografia.intras.es\/wp-content\/uploads\/2026\/01\/LOCOGRAFIAS-1200x675.jpg 1200w, https:\/\/premio-fotografia.intras.es\/wp-content\/uploads\/2026\/01\/LOCOGRAFIAS.jpg 1920w\" sizes=\"(max-width: 580px) 100vw, 580px\" \/>\t\t\t\t\t\t\t\t\t\t\t\t\t\t\t<\/div>\n\t\t\t\t<\/div>\n\t\t\t\t\t<\/div>\n\t\t\t\t<\/div>\n\t\t<div class=\"elementor-element elementor-element-73b4815 e-con-full e-flex e-con e-parent\" data-id=\"73b4815\" data-element_type=\"container\" data-settings=\"{&quot;content_width&quot;:&quot;full&quot;,&quot;container_type&quot;:&quot;flex&quot;}\" data-core-v316-plus=\"true\">\n\t\t\t\t<div class=\"elementor-element elementor-element-87312c3 elementor-widget elementor-widget-text-editor\" data-id=\"87312c3\" data-element_type=\"widget\" data-widget_type=\"text-editor.default\">\n\t\t\t\t<div class=\"elementor-widget-container\">\n\t\t\t<style>\/*! elementor - v3.17.0 - 08-11-2023 *\/\n.elementor-widget-text-editor.elementor-drop-cap-view-stacked .elementor-drop-cap{background-color:#69727d;color:#fff}.elementor-widget-text-editor.elementor-drop-cap-view-framed .elementor-drop-cap{color:#69727d;border:3px solid;background-color:transparent}.elementor-widget-text-editor:not(.elementor-drop-cap-view-default) .elementor-drop-cap{margin-top:8px}.elementor-widget-text-editor:not(.elementor-drop-cap-view-default) .elementor-drop-cap-letter{width:1em;height:1em}.elementor-widget-text-editor .elementor-drop-cap{float:left;text-align:center;line-height:1;font-size:50px}.elementor-widget-text-editor .elementor-drop-cap-letter{display:inline-block}<\/style>\t\t\t\t<p>Fundaci\u00f3n INTRAS convoca la sexta edici\u00f3n del Premio Internacional de Fotograf\u00eda y Locura \u2018LOCOGRAF\u00cdAS\u2019. El objetivo de este Premio es romper con la idea de que los problemas de salud mental son cosas que les pasan \u2018a los otros\u2019, a los que viven al margen de la sociedad. El malestar ps\u00edquico est\u00e1 ligado a la vulnerabilidad de todas las personas y, por lo tanto, es parte indisoluble de nuestra condici\u00f3n humana.<\/p><p>El Premio Locograf\u00edas documenta fotogr\u00e1ficamente desde su primera edici\u00f3n los variados procesos de recuperaci\u00f3n de las personas que sufren problemas de salud mental; esos procesos personales y \u00fanicos que suponen el reencuentro con uno mismo, la b\u00fasqueda de prop\u00f3sitos y motivaciones y la superaci\u00f3n de obst\u00e1culos, en una carrera de fondo m\u00e1s all\u00e1 de los efectos negativos de la enfermedad.<\/p><p>El certamen \u2018Locograf\u00edas\u2019 convoca a fot\u00f3grafos nacionales e internacionales, profesionales y\/o aficionados, a personas que han vivido problemas de salud mental -ya sean m\u00e1s leves o m\u00e1s intensos- y a quienes no han pasado por ellos, pero est\u00e1n vinculados o interesados en el tema, a plasmar con fotos y textos breves su visi\u00f3n de la locura como parte de la raz\u00f3n, de la locura como valor y como sufrimiento.<\/p><p>En esta sexta edici\u00f3n se establece un premio de 1.000\u20ac y dos acc\u00e9sits de 500\u20ac cada uno. El jurado designado por Fundaci\u00f3n INTRAS realizar\u00e1 una preselecci\u00f3n de las obras que formar\u00e1n parte de una exposici\u00f3n que se mostrar\u00e1 en Castilla y Le\u00f3n a lo largo de 2026.\u00a0<\/p><p>En esta sexta edici\u00f3n se incorpora, adem\u00e1s, una categor\u00eda joven, dotada con un \u00fanico premio de 200\u20ac en material fotogr\u00e1fico. Cada una de las fotograf\u00edas presentadas en esta categor\u00eda deber\u00e1 incluir, en lugar de un breve texto como en la categor\u00eda principal, un \u2018hashtag\u2019 con la emoci\u00f3n que se quiera transmitir.<\/p><p>El plazo de presentaci\u00f3n de las obras se ha ampliado hasta el 11 de abril de 2026.\u00a0<\/p>\t\t\t\t\t\t<\/div>\n\t\t\t\t<\/div>\n\t\t\t\t<\/div>\n\t\t<div class=\"elementor-element elementor-element-8b8efb4 e-grid e-con-boxed e-con e-parent\" data-id=\"8b8efb4\" data-element_type=\"container\" data-settings=\"{&quot;container_type&quot;:&quot;grid&quot;,&quot;grid_columns_grid&quot;:{&quot;unit&quot;:&quot;fr&quot;,&quot;size&quot;:&quot;2&quot;,&quot;sizes&quot;:[]},&quot;grid_rows_grid&quot;:{&quot;unit&quot;:&quot;fr&quot;,&quot;size&quot;:&quot;2&quot;,&quot;sizes&quot;:[]},&quot;grid_rows_grid_mobile&quot;:{&quot;unit&quot;:&quot;fr&quot;,&quot;size&quot;:&quot;2&quot;,&quot;sizes&quot;:[]},&quot;content_width&quot;:&quot;boxed&quot;,&quot;grid_outline&quot;:&quot;yes&quot;,&quot;grid_columns_grid_tablet&quot;:{&quot;unit&quot;:&quot;fr&quot;,&quot;size&quot;:&quot;&quot;,&quot;sizes&quot;:[]},&quot;grid_columns_grid_mobile&quot;:{&quot;unit&quot;:&quot;fr&quot;,&quot;size&quot;:1,&quot;sizes&quot;:[]},&quot;grid_rows_grid_tablet&quot;:{&quot;unit&quot;:&quot;fr&quot;,&quot;size&quot;:&quot;&quot;,&quot;sizes&quot;:[]},&quot;grid_auto_flow&quot;:&quot;row&quot;,&quot;grid_auto_flow_tablet&quot;:&quot;row&quot;,&quot;grid_auto_flow_mobile&quot;:&quot;row&quot;}\" data-core-v316-plus=\"true\">\n\t\t\t\t\t<div class=\"e-con-inner\">\n\t\t\t\t<div class=\"elementor-element elementor-element-9a5cc56 elementor-align-center elementor-widget elementor-widget-button\" data-id=\"9a5cc56\" data-element_type=\"widget\" data-widget_type=\"button.default\">\n\t\t\t\t<div class=\"elementor-widget-container\">\n\t\t\t\t\t<div class=\"elementor-button-wrapper\">\n\t\t\t<a class=\"elementor-button elementor-button-link elementor-size-sm\" href=\"https:\/\/www.intras.es\/sites\/default\/files\/archivos\/articulos\/bases_locografias_vi_esp_0.pdf\" target=\"_blank\">\n\t\t\t\t\t\t<span class=\"elementor-button-content-wrapper\">\n\t\t\t\t\t\t<span class=\"elementor-button-text\">DESCARGAR BASES<\/span>\n\t\t<\/span>\n\t\t\t\t\t<\/a>\n\t\t<\/div>\n\t\t\t\t<\/div>\n\t\t\t\t<\/div>\n\t\t\t\t<div class=\"elementor-element elementor-element-81f8e5d elementor-align-center elementor-widget elementor-widget-button\" data-id=\"81f8e5d\" data-element_type=\"widget\" data-widget_type=\"button.default\">\n\t\t\t\t<div class=\"elementor-widget-container\">\n\t\t\t\t\t<div class=\"elementor-button-wrapper\">\n\t\t\t<a class=\"elementor-button elementor-button-link elementor-size-sm\" href=\"https:\/\/www.intras.es\/sites\/default\/files\/archivos\/articulos\/bases_locografias_vi_en_0.pdf\" target=\"_blank\">\n\t\t\t\t\t\t<span class=\"elementor-button-content-wrapper\">\n\t\t\t\t\t\t<span class=\"elementor-button-text\">GUIDELINES<\/span>\n\t\t<\/span>\n\t\t\t\t\t<\/a>\n\t\t<\/div>\n\t\t\t\t<\/div>\n\t\t\t\t<\/div>\n\t\t\t\t<div class=\"elementor-element elementor-element-1789593 elementor-align-center elementor-widget elementor-widget-button\" data-id=\"1789593\" data-element_type=\"widget\" data-widget_type=\"button.default\">\n\t\t\t\t<div class=\"elementor-widget-container\">\n\t\t\t\t\t<div class=\"elementor-button-wrapper\">\n\t\t\t<a class=\"elementor-button elementor-button-link elementor-size-sm\" href=\"https:\/\/forms.gle\/pF8f3QShW5zbv1w86\" target=\"_blank\">\n\t\t\t\t\t\t<span class=\"elementor-button-content-wrapper\">\n\t\t\t\t\t\t<span class=\"elementor-button-text\">INSCRIPCI\u00d3N<\/span>\n\t\t<\/span>\n\t\t\t\t\t<\/a>\n\t\t<\/div>\n\t\t\t\t<\/div>\n\t\t\t\t<\/div>\n\t\t\t\t<div class=\"elementor-element elementor-element-225c691 elementor-align-center elementor-widget elementor-widget-button\" data-id=\"225c691\" data-element_type=\"widget\" data-widget_type=\"button.default\">\n\t\t\t\t<div class=\"elementor-widget-container\">\n\t\t\t\t\t<div class=\"elementor-button-wrapper\">\n\t\t\t<a class=\"elementor-button elementor-button-link elementor-size-sm\" href=\"https:\/\/www.paypal.com\/donate?token=CMw0e23WS1Ji3FNGAZB-eLiz3tLNCtxmGysxOkxfaqq4aY4ue1_3APPdKhLJ5FOeN9p7Z7LcyE49notZ&#038;locale.x=es_ES\" target=\"_blank\">\n\t\t\t\t\t\t<span class=\"elementor-button-content-wrapper\">\n\t\t\t\t\t\t<span class=\"elementor-button-text\">DONACI\u00d3N<\/span>\n\t\t<\/span>\n\t\t\t\t\t<\/a>\n\t\t<\/div>\n\t\t\t\t<\/div>\n\t\t\t\t<\/div>\n\t\t\t\t\t<\/div>\n\t\t\t\t<\/div>\n\t\t\t\t\t\t\t<\/div>\n\t\t","protected":false},"excerpt":{"rendered":"<p>Fundaci\u00f3n INTRAS convoca la sexta edici\u00f3n del Premio Internacional de Fotograf\u00eda y Locura \u2018LOCOGRAF\u00cdAS\u2019. El objetivo de este Premio es romper con la idea de que los problemas de salud mental son cosas que les pasan \u2018a los otros\u2019, a los que viven al margen de la sociedad. El malestar ps\u00edquico est\u00e1 ligado a la [&hellip;]<\/p>\n","protected":false},"author":1,"featured_media":0,"parent":0,"menu_order":0,"comment_status":"closed","ping_status":"closed","template":"","meta":{"footnotes":""},"class_list":["post-1830","page","type-page","status-publish","hentry"],"_links":{"self":[{"href":"https:\/\/premio-fotografia.intras.es\/index.php\/wp-json\/wp\/v2\/pages\/1830","targetHints":{"allow":["GET"]}}],"collection":[{"href":"https:\/\/premio-fotografia.intras.es\/index.php\/wp-json\/wp\/v2\/pages"}],"about":[{"href":"https:\/\/premio-fotografia.intras.es\/index.php\/wp-json\/wp\/v2\/types\/page"}],"author":[{"embeddable":true,"href":"https:\/\/premio-fotografia.intras.es\/index.php\/wp-json\/wp\/v2\/users\/1"}],"replies":[{"embeddable":true,"href":"https:\/\/premio-fotografia.intras.es\/index.php\/wp-json\/wp\/v2\/comments?post=1830"}],"version-history":[{"count":29,"href":"https:\/\/premio-fotografia.intras.es\/index.php\/wp-json\/wp\/v2\/pages\/1830\/revisions"}],"predecessor-version":[{"id":1918,"href":"https:\/\/premio-fotografia.intras.es\/index.php\/wp-json\/wp\/v2\/pages\/1830\/revisions\/1918"}],"wp:attachment":[{"href":"https:\/\/premio-fotografia.intras.es\/index.php\/wp-json\/wp\/v2\/media?parent=1830"}],"curies":[{"name":"wp","href":"https:\/\/api.w.org\/{rel}","templated":true}]}}

Locografías VI

<div data-elementor-type="wp-page" data-elementor-id="1830" class="elementor elementor-1830">
							<div class="elementor-element elementor-element-67c114d e-flex e-con-boxed e-con e-parent" data-id="67c114d" data-element_type="container" data-settings="{&quot;container_type&quot;:&quot;flex&quot;,&quot;content_width&quot;:&quot;boxed&quot;}" data-core-v316-plus="true">
					<div class="e-con-inner">
				<div class="elementor-element elementor-element-4b7af72 elementor-widget elementor-widget-image" data-id="4b7af72" data-element_type="widget" data-widget_type="image.default">
				<div class="elementor-widget-container">
			<style>/*! elementor - v3.17.0 - 08-11-2023 */
.elementor-widget-image{text-align:center}.elementor-widget-image a{display:inline-block}.elementor-widget-image a img[src$=".svg"]{width:48px}.elementor-widget-image img{vertical-align:middle;display:inline-block}</style>												<img fetchpriority="high" decoding="async" width="580" height="326" src="https://premio-fotografia.intras.es/wp-content/uploads/2026/01/LOCOGRAFIAS-1024x576.jpg" class="attachment-large size-large wp-image-1838" alt="" srcset="https://premio-fotografia.intras.es/wp-content/uploads/2026/01/LOCOGRAFIAS-1024x576.jpg 1024w, https://premio-fotografia.intras.es/wp-content/uploads/2026/01/LOCOGRAFIAS-300x169.jpg 300w, https://premio-fotografia.intras.es/wp-content/uploads/2026/01/LOCOGRAFIAS-768x432.jpg 768w, https://premio-fotografia.intras.es/wp-content/uploads/2026/01/LOCOGRAFIAS-1536x864.jpg 1536w, https://premio-fotografia.intras.es/wp-content/uploads/2026/01/LOCOGRAFIAS-1200x675.jpg 1200w, https://premio-fotografia.intras.es/wp-content/uploads/2026/01/LOCOGRAFIAS.jpg 1920w" sizes="(max-width: 580px) 100vw, 580px" />															</div>
				</div>
					</div>
				</div>
		<div class="elementor-element elementor-element-73b4815 e-con-full e-flex e-con e-parent" data-id="73b4815" data-element_type="container" data-settings="{&quot;content_width&quot;:&quot;full&quot;,&quot;container_type&quot;:&quot;flex&quot;}" data-core-v316-plus="true">
				<div class="elementor-element elementor-element-87312c3 elementor-widget elementor-widget-text-editor" data-id="87312c3" data-element_type="widget" data-widget_type="text-editor.default">
				<div class="elementor-widget-container">
			<style>/*! elementor - v3.17.0 - 08-11-2023 */
.elementor-widget-text-editor.elementor-drop-cap-view-stacked .elementor-drop-cap{background-color:#69727d;color:#fff}.elementor-widget-text-editor.elementor-drop-cap-view-framed .elementor-drop-cap{color:#69727d;border:3px solid;background-color:transparent}.elementor-widget-text-editor:not(.elementor-drop-cap-view-default) .elementor-drop-cap{margin-top:8px}.elementor-widget-text-editor:not(.elementor-drop-cap-view-default) .elementor-drop-cap-letter{width:1em;height:1em}.elementor-widget-text-editor .elementor-drop-cap{float:left;text-align:center;line-height:1;font-size:50px}.elementor-widget-text-editor .elementor-drop-cap-letter{display:inline-block}</style>				<p>Fundación INTRAS convoca la sexta edición del Premio Internacional de Fotografía y Locura ‘LOCOGRAFÍAS’. El objetivo de este Premio es romper con la idea de que los problemas de salud mental son cosas que les pasan ‘a los otros’, a los que viven al margen de la sociedad. El malestar psíquico está ligado a la vulnerabilidad de todas las personas y, por lo tanto, es parte indisoluble de nuestra condición humana.</p><p>El Premio Locografías documenta fotográficamente desde su primera edición los variados procesos de recuperación de las personas que sufren problemas de salud mental; esos procesos personales y únicos que suponen el reencuentro con uno mismo, la búsqueda de propósitos y motivaciones y la superación de obstáculos, en una carrera de fondo más allá de los efectos negativos de la enfermedad.</p><p>El certamen ‘Locografías’ convoca a fotógrafos nacionales e internacionales, profesionales y/o aficionados, a personas que han vivido problemas de salud mental -ya sean más leves o más intensos- y a quienes no han pasado por ellos, pero están vinculados o interesados en el tema, a plasmar con fotos y textos breves su visión de la locura como parte de la razón, de la locura como valor y como sufrimiento.</p><p>En esta sexta edición se establece un premio de 1.000€ y dos accésits de 500€ cada uno. El jurado designado por Fundación INTRAS realizará una preselección de las obras que formarán parte de una exposición que se mostrará en Castilla y León a lo largo de 2026. </p><p>En esta sexta edición se incorpora, además, una categoría joven, dotada con un único premio de 200€ en material fotográfico. Cada una de las fotografías presentadas en esta categoría deberá incluir, en lugar de un breve texto como en la categoría principal, un ‘hashtag’ con la emoción que se quiera transmitir.</p><p>El plazo de presentación de las obras se ha ampliado hasta el 11 de abril de 2026. </p>						</div>
				</div>
				</div>
		<div class="elementor-element elementor-element-8b8efb4 e-grid e-con-boxed e-con e-parent" data-id="8b8efb4" data-element_type="container" data-settings="{&quot;container_type&quot;:&quot;grid&quot;,&quot;grid_columns_grid&quot;:{&quot;unit&quot;:&quot;fr&quot;,&quot;size&quot;:&quot;2&quot;,&quot;sizes&quot;:[]},&quot;grid_rows_grid&quot;:{&quot;unit&quot;:&quot;fr&quot;,&quot;size&quot;:&quot;2&quot;,&quot;sizes&quot;:[]},&quot;grid_rows_grid_mobile&quot;:{&quot;unit&quot;:&quot;fr&quot;,&quot;size&quot;:&quot;2&quot;,&quot;sizes&quot;:[]},&quot;content_width&quot;:&quot;boxed&quot;,&quot;grid_outline&quot;:&quot;yes&quot;,&quot;grid_columns_grid_tablet&quot;:{&quot;unit&quot;:&quot;fr&quot;,&quot;size&quot;:&quot;&quot;,&quot;sizes&quot;:[]},&quot;grid_columns_grid_mobile&quot;:{&quot;unit&quot;:&quot;fr&quot;,&quot;size&quot;:1,&quot;sizes&quot;:[]},&quot;grid_rows_grid_tablet&quot;:{&quot;unit&quot;:&quot;fr&quot;,&quot;size&quot;:&quot;&quot;,&quot;sizes&quot;:[]},&quot;grid_auto_flow&quot;:&quot;row&quot;,&quot;grid_auto_flow_tablet&quot;:&quot;row&quot;,&quot;grid_auto_flow_mobile&quot;:&quot;row&quot;}" data-core-v316-plus="true">
					<div class="e-con-inner">
				<div class="elementor-element elementor-element-9a5cc56 elementor-align-center elementor-widget elementor-widget-button" data-id="9a5cc56" data-element_type="widget" data-widget_type="button.default">
				<div class="elementor-widget-container">
					<div class="elementor-button-wrapper">
			<a class="elementor-button elementor-button-link elementor-size-sm" href="https://www.intras.es/sites/default/files/archivos/articulos/bases_locografias_vi_esp_0.pdf" target="_blank">
						<span class="elementor-button-content-wrapper">
						<span class="elementor-button-text">DESCARGAR BASES</span>
		</span>
					</a>
		</div>
				</div>
				</div>
				<div class="elementor-element elementor-element-81f8e5d elementor-align-center elementor-widget elementor-widget-button" data-id="81f8e5d" data-element_type="widget" data-widget_type="button.default">
				<div class="elementor-widget-container">
					<div class="elementor-button-wrapper">
			<a class="elementor-button elementor-button-link elementor-size-sm" href="https://www.intras.es/sites/default/files/archivos/articulos/bases_locografias_vi_en_0.pdf" target="_blank">
						<span class="elementor-button-content-wrapper">
						<span class="elementor-button-text">GUIDELINES</span>
		</span>
					</a>
		</div>
				</div>
				</div>
				<div class="elementor-element elementor-element-1789593 elementor-align-center elementor-widget elementor-widget-button" data-id="1789593" data-element_type="widget" data-widget_type="button.default">
				<div class="elementor-widget-container">
					<div class="elementor-button-wrapper">
			<a class="elementor-button elementor-button-link elementor-size-sm" href="https://forms.gle/pF8f3QShW5zbv1w86" target="_blank">
						<span class="elementor-button-content-wrapper">
						<span class="elementor-button-text">INSCRIPCIÓN</span>
		</span>
					</a>
		</div>
				</div>
				</div>
				<div class="elementor-element elementor-element-225c691 elementor-align-center elementor-widget elementor-widget-button" data-id="225c691" data-element_type="widget" data-widget_type="button.default">
				<div class="elementor-widget-container">
					<div class="elementor-button-wrapper">
			<a class="elementor-button elementor-button-link elementor-size-sm" href="https://www.paypal.com/donate?token=CMw0e23WS1Ji3FNGAZB-eLiz3tLNCtxmGysxOkxfaqq4aY4ue1_3APPdKhLJ5FOeN9p7Z7LcyE49notZ&#038;locale.x=es_ES" target="_blank">
						<span class="elementor-button-content-wrapper">
						<span class="elementor-button-text">DONACIÓN</span>
		</span>
					</a>
		</div>
				</div>
				</div>
					</div>
				</div>
							</div>

<p>Fundación INTRAS convoca la sexta edición del Premio Internacional de Fotografía y Locura ‘LOCOGRAFÍAS’. El objetivo de este Premio es romper con la idea de que los problemas de salud mental son cosas que les pasan ‘a los otros’, a los que viven al margen de la sociedad. El malestar psíquico está ligado a la [&hellip;]</p>
